{"id":1032,"date":"2017-12-04T22:24:30","date_gmt":"2017-12-04T22:24:30","guid":{"rendered":"http:\/\/theme.ridianur.com\/cimol\/?page_id=1032"},"modified":"2021-09-29T09:31:26","modified_gmt":"2021-09-29T14:31:26","slug":"tarifas","status":"publish","type":"page","link":"https:\/\/escritosya.com\/inicio\/tarifas\/","title":{"rendered":"Tarifas"},"content":{"rendered":"\t\t<div data-elementor-type=\"wp-page\" data-elementor-id=\"1032\" class=\"elementor elementor-1032\" data-elementor-settings=\"[]\">\n\t\t\t\t\t\t<div class=\"elementor-inner\">\n\t\t\t\t\t\t\t<div class=\"elementor-section-wrap\">\n\t\t\t\t\t\t\t<section class=\"elementor-section elementor-top-section elementor-element elementor-element-9cf6c72 elementor-section-boxed elementor-section-height-default elementor-section-height-default\" data-id=\"9cf6c72\" data-element_type=\"section\" data-settings=\"{&quot;background_background&quot;:&quot;classic&quot;}\">\n\t\t\t\t\t\t<div class=\"elementor-container elementor-column-gap-extended\">\n\t\t\t\t\t\t\t<div class=\"elementor-row\">\n\t\t\t\t\t<div class=\"elementor-column elementor-col-100 elementor-top-column elementor-element elementor-element-b63a165\" data-id=\"b63a165\" data-element_type=\"column\">\n\t\t\t<div class=\"elementor-column-wrap elementor-element-populated\">\n\t\t\t\t\t\t\t<div class=\"elementor-widget-wrap\">\n\t\t\t\t\t\t<div class=\"elementor-element elementor-element-e05d528 elementor-widget elementor-widget-spacer\" data-id=\"e05d528\" data-element_type=\"widget\" data-widget_type=\"spacer.default\">\n\t\t\t\t<div class=\"elementor-widget-container\">\n\t\t\t\t\t<div class=\"elementor-spacer\">\n\t\t\t<div class=\"elementor-spacer-inner\"><\/div>\n\t\t<\/div>\n\t\t\t\t<\/div>\n\t\t\t\t<\/div>\n\t\t\t\t\t\t<\/div>\n\t\t\t\t\t<\/div>\n\t\t<\/div>\n\t\t\t\t\t\t\t\t<\/div>\n\t\t\t\t\t<\/div>\n\t\t<\/section>\n\t\t\t\t<section class=\"elementor-section elementor-top-section elementor-element elementor-element-50a7e5a elementor-section-boxed elementor-section-height-default elementor-section-height-default\" data-id=\"50a7e5a\" data-element_type=\"section\">\n\t\t\t\t\t\t<div class=\"elementor-container elementor-column-gap-no\">\n\t\t\t\t\t\t\t<div class=\"elementor-row\">\n\t\t\t\t\t<div class=\"elementor-column elementor-col-100 elementor-top-column elementor-element elementor-element-bd944c2\" data-id=\"bd944c2\" data-element_type=\"column\">\n\t\t\t<div class=\"elementor-column-wrap elementor-element-populated\">\n\t\t\t\t\t\t\t<div class=\"elementor-widget-wrap\">\n\t\t\t\t\t\t<section class=\"elementor-section elementor-inner-section elementor-element elementor-element-6883140 elementor-section-content-middle elementor-section-boxed elementor-section-height-default elementor-section-height-default\" data-id=\"6883140\" data-element_type=\"section\">\n\t\t\t\t\t\t<div class=\"elementor-container elementor-column-gap-wide\">\n\t\t\t\t\t\t\t<div class=\"elementor-row\">\n\t\t\t\t\t<div class=\"elementor-column elementor-col-100 elementor-inner-column elementor-element elementor-element-9bc08fd\" data-id=\"9bc08fd\" data-element_type=\"column\">\n\t\t\t<div class=\"elementor-column-wrap elementor-element-populated\">\n\t\t\t\t\t\t\t<div class=\"elementor-widget-wrap\">\n\t\t\t\t\t\t<div class=\"elementor-element elementor-element-b0d2033 elementor-invisible elementor-widget elementor-widget-cimol-title\" data-id=\"b0d2033\" data-element_type=\"widget\" data-settings=\"{&quot;_animation&quot;:&quot;fadeInDown&quot;}\" data-widget_type=\"cimol-title.default\">\n\t\t\t\t<div class=\"elementor-widget-container\">\n\t\t\t<h2 class=\"content-title\">Tarifas<span>.<\/span><\/h2>\t\t<\/div>\n\t\t\t\t<\/div>\n\t\t\t\t<div class=\"elementor-element elementor-element-6a3aaca elementor-widget elementor-widget-text-editor\" data-id=\"6a3aaca\" data-element_type=\"widget\" data-widget_type=\"text-editor.default\">\n\t\t\t\t<div class=\"elementor-widget-container\">\n\t\t\t\t\t<div class=\"elementor-text-editor elementor-clearfix\"><ol>\n<li><b>Transcripciones &#8230;.&nbsp; &nbsp; &nbsp; <\/b>$85.000 la hora de transcripci\u00f3n.<b><br><\/b><\/li>\n<li>&nbsp;<b>Free Press &#8230; L<\/b>a nota divulgada cuesta $160.00 independientemente si es en radio, T.V o prensa. La divulgaci\u00f3n en&nbsp; portales&nbsp; es de $145.000. Cobramos&nbsp;por&nbsp; nota difundida independientemente del tiempo de emisi\u00f3n.<\/li>\n<li><b>V\u00eddeos animados &#8230; <\/b>tipo DODDLY el costo es de $120.000 (90 segundos).<\/li>\n<\/ol><\/div>\n\t\t\t\t<\/div>\n\t\t\t\t<\/div>\n\t\t\t\t\t\t<\/div>\n\t\t\t\t\t<\/div>\n\t\t<\/div>\n\t\t\t\t\t\t\t\t<\/div>\n\t\t\t\t\t<\/div>\n\t\t<\/section>\n\t\t\t\t\t\t<\/div>\n\t\t\t\t\t<\/div>\n\t\t<\/div>\n\t\t\t\t\t\t\t\t<\/div>\n\t\t\t\t\t<\/div>\n\t\t<\/section>\n\t\t\t\t<section class=\"elementor-section elementor-top-section elementor-element elementor-element-8d4a20f elementor-section-boxed elementor-section-height-default elementor-section-height-default\" data-id=\"8d4a20f\" data-element_type=\"section\" data-settings=\"{&quot;background_background&quot;:&quot;classic&quot;,&quot;shape_divider_top&quot;:&quot;tilt&quot;,&quot;shape_divider_bottom&quot;:&quot;tilt&quot;}\">\n\t\t\t\t\t<div class=\"elementor-shape elementor-shape-top\" data-negative=\"false\">\n\t\t\t<svg xmlns=\"http:\/\/www.w3.org\/2000\/svg\" viewBox=\"0 0 1000 100\" preserveAspectRatio=\"none\">\n\t<path class=\"elementor-shape-fill\" d=\"M0,6V0h1000v100L0,6z\"\/>\n<\/svg>\t\t<\/div>\n\t\t\t\t<div class=\"elementor-shape elementor-shape-bottom\" data-negative=\"false\">\n\t\t\t<svg xmlns=\"http:\/\/www.w3.org\/2000\/svg\" viewBox=\"0 0 1000 100\" preserveAspectRatio=\"none\">\n\t<path class=\"elementor-shape-fill\" d=\"M0,6V0h1000v100L0,6z\"\/>\n<\/svg>\t\t<\/div>\n\t\t\t\t\t<div class=\"elementor-container elementor-column-gap-no\">\n\t\t\t\t\t\t\t<div class=\"elementor-row\">\n\t\t\t\t\t<div class=\"elementor-column elementor-col-100 elementor-top-column elementor-element elementor-element-d5f3444\" data-id=\"d5f3444\" data-element_type=\"column\">\n\t\t\t<div class=\"elementor-column-wrap elementor-element-populated\">\n\t\t\t\t\t\t\t<div class=\"elementor-widget-wrap\">\n\t\t\t\t\t\t<section class=\"elementor-section elementor-inner-section elementor-element elementor-element-b213ad0 elementor-section-content-middle elementor-section-boxed elementor-section-height-default elementor-section-height-default\" data-id=\"b213ad0\" data-element_type=\"section\">\n\t\t\t\t\t\t<div class=\"elementor-container elementor-column-gap-wide\">\n\t\t\t\t\t\t\t<div class=\"elementor-row\">\n\t\t\t\t\t<div class=\"elementor-column elementor-col-50 elementor-inner-column elementor-element elementor-element-a94270a\" data-id=\"a94270a\" data-element_type=\"column\">\n\t\t\t<div class=\"elementor-column-wrap elementor-element-populated\">\n\t\t\t\t\t\t\t<div class=\"elementor-widget-wrap\">\n\t\t\t\t\t\t<div class=\"elementor-element elementor-element-f0c885c elementor-widget elementor-widget-text-editor\" data-id=\"f0c885c\" data-element_type=\"widget\" data-widget_type=\"text-editor.default\">\n\t\t\t\t<div class=\"elementor-widget-container\">\n\t\t\t\t\t<div class=\"elementor-text-editor elementor-clearfix\"><h6><b>Correcci\u00f3n idiom\u00e1tica y de estilo. Son las siguientes:\u00a0<\/b><\/h6><\/div>\n\t\t\t\t<\/div>\n\t\t\t\t<\/div>\n\t\t\t\t<div class=\"elementor-element elementor-element-6f83393 elementor-widget elementor-widget-html\" data-id=\"6f83393\" data-element_type=\"widget\" data-widget_type=\"html.default\">\n\t\t\t\t<div class=\"elementor-widget-container\">\n\t\t\t<table class=\"egt\">\r\n\r\n <tr>\r\n\r\n \r\n\r\n <th>N\u00famero de palabras\r\n\r\n<\/th>\r\n\r\n <th>Inversi\u00f3n\r\n\r\n<\/th>\r\n\r\n <\/tr>\r\n\r\n <tr>\r\n\r\n \r\n\r\n <td>Art\u00edculo de 300 palabras\r\n\r\n<\/td>\r\n\r\n <td>$50.000<\/td>\r\n\r\n <\/tr>\r\n\r\n <tr>\r\n\r\n \r\n\r\n <td>Art\u00edculo de 400 palabras\r\n\r\n<\/td>\r\n\r\n <td>$66.000<\/td>\r\n\r\n <\/tr>\r\n\r\n <tr>\r\n\r\n \r\n\r\n <td>Art\u00edculo de 500 palabras\r\n\r\n<\/td>\r\n\r\n <td>$83.000\r\n\r\n<\/td>\r\n\r\n <\/tr>\r\n <tr>\r\n\r\n \r\n\r\n <td>Art\u00edculo de 600 palabras\r\n\r\n<\/td>\r\n\r\n <td>$99.000\r\n\r\n<\/td>\r\n\r\n <\/tr>\r\n <tr>\r\n\r\n \r\n\r\n <td>Art\u00edculo de 700 palabras\r\n\r\n<\/td>\r\n\r\n <td>$116.000<\/td>\r\n\r\n <\/tr>\r\n <tr>\r\n\r\n \r\n\r\n <td>Art\u00edculo de 800 palabras\r\n\r\n<\/td>\r\n\r\n <td>$132.000<\/td>\r\n\r\n <\/tr>\r\n <tr>\r\n\r\n \r\n\r\n <td>Art\u00edculo de 900 palabras\r\n\r\n<\/td>\r\n\r\n <td>$149.000\r\n\r\n<\/td>\r\n\r\n <\/tr>\r\n <tr>\r\n\r\n \r\n\r\n <td>Art\u00edculo de 1000 palabras\r\n\r\n<\/td>\r\n\r\n <td>$165.000\r\n\r\n\r\n\r\n<\/td>\r\n\r\n <\/tr>\r\n\r\n<\/table>\t\t<\/div>\n\t\t\t\t<\/div>\n\t\t\t\t\t\t<\/div>\n\t\t\t\t\t<\/div>\n\t\t<\/div>\n\t\t\t\t<div class=\"elementor-column elementor-col-50 elementor-inner-column elementor-element elementor-element-77cf4c5\" data-id=\"77cf4c5\" data-element_type=\"column\">\n\t\t\t<div class=\"elementor-column-wrap elementor-element-populated\">\n\t\t\t\t\t\t\t<div class=\"elementor-widget-wrap\">\n\t\t\t\t\t\t<div class=\"elementor-element elementor-element-31f6a4b elementor-widget elementor-widget-text-editor\" data-id=\"31f6a4b\" data-element_type=\"widget\" data-widget_type=\"text-editor.default\">\n\t\t\t\t<div class=\"elementor-widget-container\">\n\t\t\t\t\t<div class=\"elementor-text-editor elementor-clearfix\"><h6><b>Creaci\u00f3n de contenido para marketing digital.<\/b><\/h6><\/div>\n\t\t\t\t<\/div>\n\t\t\t\t<\/div>\n\t\t\t\t<div class=\"elementor-element elementor-element-4ab8537 elementor-widget elementor-widget-html\" data-id=\"4ab8537\" data-element_type=\"widget\" data-widget_type=\"html.default\">\n\t\t\t\t<div class=\"elementor-widget-container\">\n\t\t\t<table class=\"egt\">\r\n\r\n <tr>\r\n\r\n \r\n\r\n <th>N\u00famero de palabras\r\n\r\n<\/th>\r\n\r\n <th>Inversi\u00f3n\r\n\r\n<\/th>\r\n\r\n <\/tr>\r\n\r\n <tr>\r\n\r\n \r\n\r\n <td>Art\u00edculo de 300 palabras\r\n\r\n<\/td>\r\n\r\n <td>$93.000<\/td>\r\n\r\n <\/tr>\r\n\r\n <tr>\r\n\r\n \r\n\r\n <td>Art\u00edculo de 400 palabras\r\n\r\n<\/td>\r\n\r\n <td>$124.000<\/td>\r\n\r\n <\/tr>\r\n\r\n <tr>\r\n\r\n \r\n\r\n <td>Art\u00edculo de 500 palabras\r\n\r\n<\/td>\r\n\r\n <td>$156.000\r\n\r\n\r\n\r\n<\/td>\r\n\r\n <\/tr>\r\n <tr>\r\n\r\n \r\n\r\n <td>Art\u00edculo de 600 palabras\r\n\r\n<\/td>\r\n\r\n <td>$187.000\r\n\r\n\r\n\r\n<\/td>\r\n\r\n <\/tr>\r\n <tr>\r\n\r\n \r\n\r\n <td>Art\u00edculo de 700 palabras\r\n\r\n<\/td>\r\n\r\n <td>$218.000<\/td>\r\n\r\n <\/tr>\r\n <tr>\r\n\r\n \r\n\r\n <td>Art\u00edculo de 800 palabras\r\n\r\n<\/td>\r\n\r\n <td>$249.000<\/td>\r\n\r\n <\/tr>\r\n <tr>\r\n\r\n \r\n\r\n <td>Art\u00edculo de 900 palabras\r\n\r\n<\/td>\r\n\r\n <td>$280.700\r\n\r\n<\/td>\r\n\r\n <\/tr>\r\n <tr>\r\n\r\n \r\n\r\n <td>Art\u00edculo de 1000 palabras\r\n\r\n<\/td>\r\n\r\n <td>$311.000\r\n\r\n\r\n\r\n<\/td>\r\n\r\n <\/tr>\r\n\r\n<\/table>\t\t<\/div>\n\t\t\t\t<\/div>\n\t\t\t\t\t\t<\/div>\n\t\t\t\t\t<\/div>\n\t\t<\/div>\n\t\t\t\t\t\t\t\t<\/div>\n\t\t\t\t\t<\/div>\n\t\t<\/section>\n\t\t\t\t\t\t<\/div>\n\t\t\t\t\t<\/div>\n\t\t<\/div>\n\t\t\t\t\t\t\t\t<\/div>\n\t\t\t\t\t<\/div>\n\t\t<\/section>\n\t\t\t\t<section class=\"elementor-section elementor-top-section elementor-element elementor-element-7c04bc0 elementor-section-boxed elementor-section-height-default elementor-section-height-default\" data-id=\"7c04bc0\" data-element_type=\"section\" data-settings=\"{&quot;background_background&quot;:&quot;classic&quot;,&quot;shape_divider_top&quot;:&quot;tilt&quot;,&quot;shape_divider_bottom&quot;:&quot;tilt&quot;}\">\n\t\t\t\t\t<div class=\"elementor-shape elementor-shape-top\" data-negative=\"false\">\n\t\t\t<svg xmlns=\"http:\/\/www.w3.org\/2000\/svg\" viewBox=\"0 0 1000 100\" preserveAspectRatio=\"none\">\n\t<path class=\"elementor-shape-fill\" d=\"M0,6V0h1000v100L0,6z\"\/>\n<\/svg>\t\t<\/div>\n\t\t\t\t<div class=\"elementor-shape elementor-shape-bottom\" data-negative=\"false\">\n\t\t\t<svg xmlns=\"http:\/\/www.w3.org\/2000\/svg\" viewBox=\"0 0 1000 100\" preserveAspectRatio=\"none\">\n\t<path class=\"elementor-shape-fill\" d=\"M0,6V0h1000v100L0,6z\"\/>\n<\/svg>\t\t<\/div>\n\t\t\t\t\t<div class=\"elementor-container elementor-column-gap-no\">\n\t\t\t\t\t\t\t<div class=\"elementor-row\">\n\t\t\t\t\t<div class=\"elementor-column elementor-col-100 elementor-top-column elementor-element elementor-element-89abc92\" data-id=\"89abc92\" data-element_type=\"column\">\n\t\t\t<div class=\"elementor-column-wrap elementor-element-populated\">\n\t\t\t\t\t\t\t<div class=\"elementor-widget-wrap\">\n\t\t\t\t\t\t<section class=\"elementor-section elementor-inner-section elementor-element elementor-element-4bc6eb7 elementor-section-content-middle elementor-section-boxed elementor-section-height-default elementor-section-height-default\" data-id=\"4bc6eb7\" data-element_type=\"section\">\n\t\t\t\t\t\t<div class=\"elementor-container elementor-column-gap-wide\">\n\t\t\t\t\t\t\t<div class=\"elementor-row\">\n\t\t\t\t\t<div class=\"elementor-column elementor-col-50 elementor-inner-column elementor-element elementor-element-30dd25e\" data-id=\"30dd25e\" data-element_type=\"column\">\n\t\t\t<div class=\"elementor-column-wrap elementor-element-populated\">\n\t\t\t\t\t\t\t<div class=\"elementor-widget-wrap\">\n\t\t\t\t\t\t<div class=\"elementor-element elementor-element-b8b9938 elementor-invisible elementor-widget elementor-widget-cimol-title\" data-id=\"b8b9938\" data-element_type=\"widget\" data-settings=\"{&quot;_animation&quot;:&quot;fadeInDown&quot;}\" data-widget_type=\"cimol-title.default\">\n\t\t\t\t<div class=\"elementor-widget-container\">\n\t\t\t<h2 class=\"content-title\">Necesitas algo especial<span>.<\/span><\/h2>\t\t<\/div>\n\t\t\t\t<\/div>\n\t\t\t\t<div class=\"elementor-element elementor-element-9cc3def elementor-widget elementor-widget-text-editor\" data-id=\"9cc3def\" data-element_type=\"widget\" data-widget_type=\"text-editor.default\">\n\t\t\t\t<div class=\"elementor-widget-container\">\n\t\t\t\t\t<div class=\"elementor-text-editor elementor-clearfix\"><p>Puedes contactarnos si tienes algo en mente que requiera de un servicio m\u00e1s espec\u00edfico.<\/p><\/div>\n\t\t\t\t<\/div>\n\t\t\t\t<\/div>\n\t\t\t\t\t\t<\/div>\n\t\t\t\t\t<\/div>\n\t\t<\/div>\n\t\t\t\t<div class=\"elementor-column elementor-col-50 elementor-inner-column elementor-element elementor-element-2e998da\" data-id=\"2e998da\" data-element_type=\"column\">\n\t\t\t<div class=\"elementor-column-wrap elementor-element-populated\">\n\t\t\t\t\t\t\t<div class=\"elementor-widget-wrap\">\n\t\t\t\t\t\t<div class=\"elementor-element elementor-element-f684a13 elementor-align-right animated-slow elementor-tablet-align-center elementor-invisible elementor-widget elementor-widget-button\" data-id=\"f684a13\" data-element_type=\"widget\" data-settings=\"{&quot;_animation&quot;:&quot;fadeIn&quot;,&quot;_animation_delay&quot;:400}\" data-widget_type=\"button.default\">\n\t\t\t\t<div class=\"elementor-widget-container\">\n\t\t\t\t\t<div class=\"elementor-button-wrapper\">\n\t\t\t<a href=\"http:\/\/escritosya.com\/inicio\/contact\/\" class=\"elementor-button-link elementor-button elementor-size-sm elementor-animation-float\" role=\"button\">\n\t\t\t\t\t\t<span class=\"elementor-button-content-wrapper\">\n\t\t\t\t\t\t<span class=\"elementor-button-text\">Contacto<\/span>\n\t\t<\/span>\n\t\t\t\t\t<\/a>\n\t\t<\/div>\n\t\t\t\t<\/div>\n\t\t\t\t<\/div>\n\t\t\t\t\t\t<\/div>\n\t\t\t\t\t<\/div>\n\t\t<\/div>\n\t\t\t\t\t\t\t\t<\/div>\n\t\t\t\t\t<\/div>\n\t\t<\/section>\n\t\t\t\t\t\t<\/div>\n\t\t\t\t\t<\/div>\n\t\t<\/div>\n\t\t\t\t\t\t\t\t<\/div>\n\t\t\t\t\t<\/div>\n\t\t<\/section>\n\t\t\t\t\t\t<\/div>\n\t\t\t\t\t\t<\/div>\n\t\t\t\t\t<\/div>\n\t\t","protected":false},"excerpt":{"rendered":"<p>Tarifas. Transcripciones &#8230;.&nbsp; &nbsp; &nbsp; $85.000 la hora de transcripci\u00f3n. &nbsp;Free Press &#8230; La nota divulgada cuesta $160.00 independientemente si es en radio, T.V o prensa. La divulgaci\u00f3n en&nbsp; portales&nbsp; es de $145.000. Cobramos&nbsp;por&nbsp; nota difundida independientemente del tiempo de emisi\u00f3n. V\u00eddeos animados &#8230; tipo DODDLY el costo es de $120.000 (90 segundos). Correcci\u00f3n idiom\u00e1tica y de estilo. Son las &hellip;<\/p>\n","protected":false},"author":1,"featured_media":0,"parent":0,"menu_order":0,"comment_status":"closed","ping_status":"closed","template":"blank-builder.php","meta":[],"_links":{"self":[{"href":"https:\/\/escritosya.com\/inicio\/wp-json\/wp\/v2\/pages\/1032"}],"collection":[{"href":"https:\/\/escritosya.com\/inicio\/wp-json\/wp\/v2\/pages"}],"about":[{"href":"https:\/\/escritosya.com\/inicio\/wp-json\/wp\/v2\/types\/page"}],"author":[{"embeddable":true,"href":"https:\/\/escritosya.com\/inicio\/wp-json\/wp\/v2\/users\/1"}],"replies":[{"embeddable":true,"href":"https:\/\/escritosya.com\/inicio\/wp-json\/wp\/v2\/comments?post=1032"}],"version-history":[{"count":16,"href":"https:\/\/escritosya.com\/inicio\/wp-json\/wp\/v2\/pages\/1032\/revisions"}],"predecessor-version":[{"id":1339,"href":"https:\/\/escritosya.com\/inicio\/wp-json\/wp\/v2\/pages\/1032\/revisions\/1339"}],"wp:attachment":[{"href":"https:\/\/escritosya.com\/inicio\/wp-json\/wp\/v2\/media?parent=1032"}],"curies":[{"name":"wp","href":"https:\/\/api.w.org\/{rel}","templated":true}]}}